e ((-8)/(-10))/(2/(-10)). Let u be ((-10)/r + -2)*80. Suppose -n = 2*h + 1, -5*n + 6*h - h = -u. Calculate the greatest common factor of 35 and n.
5
Suppose j - 5*o - 169 = -22, 5*j = 4*o + 735. Calculate the highest common divisor of 49 and j.
49
Let n be 2*(0 - (-3 - -1)). Suppose -5*z - 2*v + 47 = 0, -3*v - n = -2*v. What is the greatest common factor of z and 33?
11
Let w be (4 + -3)/((-1)/2). Let u be 1/(w - 60/(-28)). Suppose 121 = 5*f - 194. Calculate the highest common factor of u and f.
7
Let j be (4 + -3)*(0 + 46). Calculate the highest common divisor of 69 and j.
23
Let w(j) = -j**2 - 13*j - 19. Let k be w(-8). What is the greatest common factor of k and 63?
21
Let n(l) = 62*l**2 + 1. Let i be n(1). Suppose 3*b + 3 = 2*b. Let o be (5 + -2)/((-1)/b). Calculate the highest common factor of o and i.
9
Let o = -48 - -50. Calculate the greatest common divisor of o and 4.
2
Suppose 0 = 2*g - 7*g - 3*f + 13, -2*g + 4*f = 0. Suppose -d - g + 5 = 0. Suppose -4*l + 6 = -d*l. What is the greatest common divisor of 12 and l?
6
Suppose 3*z + 25 = -z + 5*o, z - 10 = -2*o. Let f(p) = -p**2 + 14. Let u be f(z). Calculate the highest common divisor of 21 and u.
7
Let s(z) = 5*z**2 - 3. Let t be (-8)/20 + 18/(-5). Let o be s(t). Calculate the highest common factor of 7 and o.
7
Suppose n + 3 - 8 = 0. Suppose m + 11 = -x + 33, 107 = n*m + 2*x. Let k = -7 + m. Calculate the greatest common divisor of k and 70.
14
Let h(c) = 9*c**2 + 15*c - 9. Let l be h(-6). What is the highest common divisor of 25 and l?
25
Suppose -4*w + q + 21 = 0, -3*q - q = 5*w. Let d be w*33/12*10. Calculate the highest common divisor of 10 and d.
10
Let q(y) = y**2 - 13*y - 5. Let d be q(14). What is the greatest common factor of d and 27?
9
Suppose -4*n + 6 = -18. Let r be (104/12)/(4/n). Calculate the greatest common factor of r and 26.
13
Let w be (-28)/(-35) + (-21)/(-5). Calculate the greatest common divisor of 55 and w.
5
Suppose -4*o - 10 = -30. Suppose -3*z + 17 = 2*b - 1, 2*z - o*b - 12 = 0. Let n = -2 - -50. What is the greatest common divisor of n and z?
6
Suppose 3*y + 219 = 30. Let b = 95 + y. Suppose d - 8 = -0*d. What is the greatest common factor of d and b?
8
Let c = 9 + -3. Let a be (c/9)/((-4)/(-54)). What is the highest common divisor of 99 and a?
9
Let c(m) = -2*m - 4. Let x(k) = 5*k + 12. Let p(v) = -17*c(v) - 6*x(v). Let d be p(4). Calculate the highest common factor of 60 and d.
12
Suppose w + 408 = 4*w. Let i be 1*(-6)/8 - 568/(-32). What is the greatest common factor of i and w?
17
Suppose -5*i - 1 = -4*i. Let v be i + 0 + 0 - -1. Suppose 11 + v = f. What is the highest common factor of f and 88?
11
Suppose i - 2*r = 9, -r + 1 = 5*i - 0*r. Let q be (-51 - i - 3)*-1. What is the highest common factor of 5 and q?
5
Let l = 21 - 8. What is the highest common factor of l and 65?
13
Let y(j) = -j**2 - 8*j + 30. Let r be y(-8). What is the greatest common divisor of r and 12?
6
Suppose d + 5*b = -0*d + 28, 0 = -2*d + 2*b + 104. What is the greatest common factor of 12 and d?
12
Let o be -7*9*7/(-3). Calculate the highest common divisor of 21 and o.
21
Let d(s) = s**2 - 3*s + 4. Let u be d(12). Calculate the greatest common divisor of u and 14.
14
Suppose 2*z - 1 - 5 = 0. Suppose -5 = -p - z. Calculate the highest common divisor of 14 and p.
2
Let j(s) = -s**3 - 10*s**2 - 22*s + 3. Let y be j(-7). Suppose 3*a = 4*x - 10 + 32, a = -3*x - 10. Calculate the highest common factor of y and a.
2
Let c(m) = 41*m**3 + m**2 - 2. Let q be c(1). Let h(p) = 2*p**2 - 7*p + 1. Let f be h(5). What is the greatest common divisor of q and f?
8
Let g = -6 - -9. Suppose 3*k - k + 2*j - 10 = 0, 3*k - g*j = 27. Let q = -48 - -69. Calculate the greatest common divisor of k and q.
7
Let a be ((-126)/(-6))/(1/25). Suppose -z + 4*n = -84, 5*n - 178 = 4*z - a. Calculate the highest common divisor of 8 and z.
8
Suppose 4*c + 4*w = 2*c + 10, -c + 15 = -3*w. Calculate the highest common factor of 3 and c.
3
Let d be ((-8)/10)/(12/(-210)). Let a(g) = -g - 4. Let f be a(d). Let o be (0 - -33)*(-138)/f. Calculate the greatest common divisor of o and 23.
23
Let y be (4/6)/(2/24). Let f be ((-8)/(-20))/((-1)/(-20)). What is the greatest common factor of y and f?
8
Let q = 7 - 12. Let r(m) = -m**3 - 5*m**2 - m. Let v be r(q). Calculate the highest common factor of v and 20.
5
Suppose 4*p - 4*u - 76 = 144, -p - 2*u + 43 = 0. Let d = p + -36. Calculate the greatest common factor of d and 5.
5
Suppose 115 = 4*k + 27. Let d = 31 - k. What is the highest common factor of d and 27?
9
Let j = -2 - -8. Suppose -51 = -o - 2*q - j, 2*q - 249 = -5*o. Calculate the highest common divisor of o and 34.
17
Let m be 1/(-4) + 39/12. Suppose -5 = y + 4*z + 4, 0 = 4*y + 5*z + m. What is the greatest common divisor of 30 and y?
3
Let d = -248 + 358. Calculate the highest common divisor of 44 and d.
22
Suppose r - 2*a = 3*r + 50, -4*a = r + 28. Let f = r - -80. What is the greatest common factor of f and 14?
14
Let y(o) = -6*o - 3. Let h be y(-3). Suppose 0 = -0*s + 4*s + 300. Let a = 60 - s. What is the highest common divisor of h and a?
15
Let v(p) = -p**3 - 4*p**2 - 8*p - 3. Let c be v(-3). Calculate the greatest common factor of c and 60.
12
Suppose 3*m + 2*h - 32 = 0, 2*m - 6*h - 32 = -2*h. Let g be -1*0/5 + -1. Let y = g + m. What is the highest common divisor of 1 and y?
1
Let k(j) = -j**2 + j + 4. Let q be k(0). What is the highest common divisor of q and 4?
4
Suppose 10 - 2 = 4*u. Let y be (2 - 0 - u) + 7. Calculate the greatest common factor of y and 21.
7
Suppose 28 + 6 = 2*q. Let r(a) = -a**3 + 13*a**2 - 9*a. Let y be r(8). Let n = 435 - y. What is the greatest common divisor of q and n?
17
Suppose 6*w - 315 = w. Calculate the greatest common factor of w and 7.
7
Suppose j = 4*a - 29, -a + 2*a + 4*j + 14 = 0. Suppose 2 = a*s - 22. Calculate the highest common divisor of 2 and s.
2
Let p be (9/(-6))/((-2)/(-20)). Let u = p + 55. Calculate the highest common factor of 100 and u.
20
Suppose 0 = 2*r + 3*c + 90, -5*r - 225 = 2*c - 4*c. Let l = r + 77. What is the highest common divisor of 48 and l?
16
Suppose -v + 4 = 2*p, p - 2 = -4*v + 2*v. Let o = v - -1. Calculate the greatest common factor of 9 and o.
1
Let u(w) = 6*w + 6. Let c be (6/8)/((-4)/64). Let r = c + 19. Let p be u(r). What is the highest common factor of 16 and p?
16
Let f(i) = 5*i - 1. Let m be f(2). Let z(a) = -11 + 2*a**2 - 3*a**2 + 12*a + 11*a. Let u be z(m). What is the greatest common factor of 23 and u?
23
Let o be ((-171)/(-6) + -4)*(1 + 3). What is the highest common factor of o and 14?
14
Let i(b) = 4*b**2 + 0*b**2 - 10 + 2*b**2 - 2*b**2 + 6*b. Let f be i(-8). Calculate the highest common divisor of 18 and f.
18
Suppose u - 3 = -m + 5, 0 = -4*u + 3*m + 4. Suppose 3*j - 3 = 3, u*f - 5*j - 190 = 0. What is the greatest common factor of f and 20?
10
Let y be -7*(1 + (-13 - -1)). Let j be (-4)/8*2*-7. What is the greatest common factor of j and y?
7
Let b(k) = 8*k. Let n be b(-2). Let z = n - -10. Let x(p) = p**3 + 8*p**2 + 4*p + 1. Let d be x(z). What is the greatest common factor of 7 and d?
7
Suppose 2*o + o + 210 = 0. Let k be o/(-6) + 8/24. What is the highest common divisor of 96 and k?
12
Suppose 3*j + 129 = 5*h, -7*j + 2*j = 4*h - 81. Calculate the highest common factor of h and 120.
24
Let c = 17 - 8. Let f = 13 + -10. Calculate the highest common factor of c and f.
3
Let q(r) = -3*r. Let i be q(-1). Suppose -54 = -3*n - i*k, -k - 2*k + 15 = 0. What is the highest common factor of 143 and n?
13
Let h(b) = -6*b - 3. Let y be h(-4). Let f = -14 + y. What is the highest common factor of f and 77?
7
Suppose 27 = g - 9. Let c be (-2)/24 - 98/(-24). What is the greatest common divisor of g and c?
4
Let z be (-2)/(-2)*(4 - 2). Let h be (-26)/(-8) - (-1)/(-4). Let f be (45/6)/h*z. Calculate the greatest common factor of 10 and f.
5
Let m = 31 - 21. What is the highest common factor of m and 80?
10
Let d = 183 + -65. Suppose 2*x = -2*x + 3*o + 146, 3*x - d = -2*o. Calculate the highest common factor of 19 and x.
19
Let i(q) be the third derivative of -q**4/8 - q**3/2 + q**2. Let y be i(-2). Suppose -v = -4*v + y. Calculate the greatest common divisor of v and 2.
1
Let z(m) = m**2 - 6*m + 3. Suppose 0*o = 3*o - 18. Let w be z(o). Le